{"id":1094,"date":"2015-05-21T12:41:40","date_gmt":"2015-05-21T12:41:40","guid":{"rendered":"http:\/\/pencidesign.com\/soledad\/?page_id=2"},"modified":"2020-04-10T17:47:52","modified_gmt":"2020-04-10T15:47:52","slug":"about-me","status":"publish","type":"page","link":"https:\/\/www.mamyfactory.com\/blog\/about-me\/","title":{"rendered":"La Marque Mamy Factory"},"content":{"rendered":"<p>L esprit embl\u00e9matique de la marque Mamy Factory.<\/p>\n<p>Tous les produits Mamy Factory sont tricot\u00e9s \u00e0 la main en France par des grands-m\u00e8res \u00e0 la retraite. Sur chaque produit est indiqu\u00e9 le nom et la ville de la grand-m\u00e8re qui a tricot\u00e9 le mod\u00e8le. Nous vous garantissons donc une transparence totale sur la confection de nos mod\u00e8les. La Factory c\u2019est donc un circuit de production tr\u00e8s court afin d\u2019avoir un produit Made in France livr\u00e9 chez vous rapidement !\u00a0<a href=\"https:\/\/www.mamyfactory.com\/fr\/content\/13-vetements-haut-de-gamme-enfants-projet-humain-intergenerationnel\"> D\u00e9couvrez la factory ic<\/a>i!<\/p>\n<div class=\"penci-pullqoute align-none\">\n<blockquote><p>La mode se demode, le style jamais <\/p>\n<div class=\"author\"><span>Coco Chanel<\/span><\/div>\n<\/blockquote>\n<\/div>\n<h3>L&rsquo;esprit du fait main. Un style moderne.<\/h3>\n<p>Mamy Factory c\u2019est :<\/p>\n<ul>\n<li>Une g\u00e9n\u00e9ration de parents\u00a0qui souhaitent le meilleur pour leur b\u00e9b\u00e9 et recherchent des produits authentiques, de qualit\u00e9 et qui ont du sens.<\/li>\n<li>Une g\u00e9n\u00e9ration d\u2019enfants qui peuvent ainsi s\u2019emmitoufler dans de jolis tricots doux et authentiquement faits avec amour.<\/li>\n<li>Une g\u00e9n\u00e9ration de grands parents qui prennent plaisir \u00e0 offrir \u00e0 leurs petits enfants des v\u00eatements qui leurs rappellent leurs enfances.<\/li>\n<\/ul>\n<p><a href=\"https:\/\/www.mamyfactory.com\/fr\/nos-modeles-et-livres-tricot\/2174-modele-tricot-gilet-perrine-enfants.html\">Decouvrez le modele du gilet perrine en photo ici!<\/a><\/p>\n","protected":false},"excerpt":{"rendered":"<p>L esprit embl\u00e9matique de la marque Mamy Factory. Tous les produits Mamy Factory sont tricot\u00e9s \u00e0 la main en France par des grands-m\u00e8res \u00e0 la retraite. Sur chaque produit est&hellip;<\/p>\n","protected":false},"author":2,"featured_media":0,"parent":0,"menu_order":0,"comment_status":"open","ping_status":"open","template":"page-sidebar.php","meta":{"footnotes":""},"_links":{"self":[{"href":"https:\/\/www.mamyfactory.com\/blog\/wp-json\/wp\/v2\/pages\/1094"}],"collection":[{"href":"https:\/\/www.mamyfactory.com\/blog\/wp-json\/wp\/v2\/pages"}],"about":[{"href":"https:\/\/www.mamyfactory.com\/blog\/wp-json\/wp\/v2\/types\/page"}],"author":[{"embeddable":true,"href":"https:\/\/www.mamyfactory.com\/blog\/wp-json\/wp\/v2\/users\/2"}],"replies":[{"embeddable":true,"href":"https:\/\/www.mamyfactory.com\/blog\/wp-json\/wp\/v2\/comments?post=1094"}],"version-history":[{"count":11,"href":"https:\/\/www.mamyfactory.com\/blog\/wp-json\/wp\/v2\/pages\/1094\/revisions"}],"predecessor-version":[{"id":1474,"href":"https:\/\/www.mamyfactory.com\/blog\/wp-json\/wp\/v2\/pages\/1094\/revisions\/1474"}],"wp:attachment":[{"href":"https:\/\/www.mamyfactory.com\/blog\/wp-json\/wp\/v2\/media?parent=1094"}],"curies":[{"name":"wp","href":"https:\/\/api.w.org\/{rel}","templated":true}]}}