{"id":711,"date":"2016-03-01T17:07:39","date_gmt":"2016-03-01T17:07:39","guid":{"rendered":"http:\/\/pencidesign.com\/soledad\/soledad-fashion-lifestyle\/?page_id=639"},"modified":"2020-04-10T18:23:41","modified_gmt":"2020-04-10T16:23:41","slug":"gallery","status":"publish","type":"page","link":"https:\/\/www.mamyfactory.com\/blog\/gallery\/","title":{"rendered":"Lookbook Mamy Factory"},"content":{"rendered":"<p>Mamy Factory est une marque parisienne de <a href=\"https:\/\/www.mamyfactory.com\/fr\/95-laines-naturelles-merinos-cachemire-mohair\">laines naturelles<\/a> et de <a href=\"https:\/\/www.mamyfactory.com\/fr\/188-modeles-tricot-bebe-enfants\">modeles de tricots pour b\u00e9b\u00e9s et enfant<\/a>s.<\/p>\n<h2>Le Look Mamy Factory<\/h2>\n<p>Le look Mamy Factory s&rsquo;inspire de la tradition des v\u00eatements chics de nos grand parents avec un twist moderne.\u00a0 Notre marque a un concept eco-friendly, toutes nos laines sont naturelles, et nous favorisons le fait main.<\/p>\n<h2>Un style unique<\/h2>\n<h3>Ce style unique s&rsquo;est declin\u00e9 dans plusieurs collections.<\/h3>\n<p>Mamy Factory a centr\u00e9 son travail sur le fait main et la broderie qui constitue son coeur de m\u00e9tier. Mamy Factory propose sa propre marque de laines naturelles, des laines nobles en cachemire, alpaga, mohair. Avec ses livres tricots, Mamy Factory propose egalement un grand nombre de ses patrons et modeles tricot a tricoter par soi meme. Vous pouvez desormais retrouver tous ces <a href=\"https:\/\/www.mamyfactory.com\/fr\/94-nos-modeles-et-livres-tricot\">modeles<\/a> sur notre site !\u00a0 En plus de modeles porur bebes et enfants, Mamy Factory a lance des modeles femmes qui apportent a chacune d&rsquo;entre vous d&rsquo;avoir des modeles a tricoter pour une garde chic et moderne. Revisitant une grande variete de style de points Mamy Factory propose tous les ans<a href=\"https:\/\/www.mamyfactory.com\/fr\/189-modeles-tricot-femme\"> des nouveaux modeles a tricoter !\u00a0<\/a><\/p>\n<h4>Nos mod\u00e8les iconiques de <a href=\"https:\/\/www.mamyfactory.com\/fr\/26-cadeaux-naissance-personnalises-brodes-main\">coussins et couvertures<\/a> demeurent embl\u00e9matiques de notre marque.<\/h4>\n\n\n<figure class=\"wp-block-gallery columns-3 is-cropped wp-block-gallery-1 is-layout-flex wp-block-gallery-is-layout-flex\"><ul class=\"blocks-gallery-grid\"><li class=\"blocks-gallery-item\"><figure><img decoding=\"async\" src=\"https:\/\/www.mamyfactory.com\/blog\/wp-content\/uploads\/2019\/04\/couverture-b\u00e9b\u00e9-alpaga-grise-brod\u00e9e-\u00e9cru-1024x842.jpg\" alt=\"\" data-id=\"1304\" data-link=\"https:\/\/www.mamyfactory.com\/blog\/?attachment_id=1304\" class=\"wp-image-1304\"\/><figcaption class=\"blocks-gallery-item__caption\"><a href=\"https:\/\/www.mamyfactory.com\/fr\/coussins-couvertures-bebe-et-enfants-laine-tricotes-par-mamie\/207-couverture-bebe-grise-personnalisable.html\">couverture bebe alpaga<\/a><\/figcaption><\/figure><\/li><li class=\"blocks-gallery-item\"><figure><img decoding=\"async\" src=\"https:\/\/www.mamyfactory.com\/blog\/wp-content\/uploads\/2019\/02\/2.jpg\" data-rel=\"penci-gallery-image-content\"  alt=\"\" data-id=\"1281\" data-link=\"https:\/\/www.mamyfactory.com\/blog\/2\/\" class=\"wp-image-1281\"\/><figcaption class=\"blocks-gallery-item__caption\"><a href=\"https:\/\/www.mamyfactory.com\/fr\/154-coussins-personnalises-brodes-bebe\">coussin personalise<\/a><\/figcaption><\/figure><\/li><li class=\"blocks-gallery-item\"><figure><img decoding=\"async\" src=\"https:\/\/www.mamyfactory.com\/blog\/wp-content\/uploads\/2019\/02\/8.jpg\" alt=\"\" data-id=\"1211\" data-link=\"https:\/\/www.mamyfactory.com\/blog\/8-2\/\" class=\"wp-image-1211\"\/><figcaption class=\"blocks-gallery-item__caption\"><a href=\"https:\/\/www.mamyfactory.com\/fr\/modeles-tricot-bebe-enfants\/2069-modele-tricot-pdf-pull-bebe-3760302341498.html\">pull hubert<\/a><\/figcaption><\/figure><\/li><li class=\"blocks-gallery-item\"><figure><img decoding=\"async\" src=\"https:\/\/www.mamyfactory.com\/blog\/wp-content\/uploads\/2019\/02\/jennycruger20-683x1024.jpg\" alt=\"\" data-id=\"1133\" data-link=\"https:\/\/www.mamyfactory.com\/blog\/jennycruger20\/\" class=\"wp-image-1133\"\/><figcaption class=\"blocks-gallery-item__caption\"><a href=\"https:\/\/www.mamyfactory.com\/fr\/modeles-tricot-bebe-enfants\/2122-modele-tricot-cagoule-pour-bebe-3760302341122.html\">cagoule colette mamy factory<\/a><\/figcaption><\/figure><\/li><\/ul><\/figure>\n\n\n\n<figure class=\"wp-block-image size-large\"><a href=\"https:\/\/www.mamyfactory.com\/fr\/kit-tricots\/2194-patron-gilet-josephine-bebe-enfant-fille.html\"><img decoding=\"async\" src=\"https:\/\/www.mamyfactory.com\/blog\/wp-content\/uploads\/2020\/04\/IMG_1074-1-768x1024.jpg\" alt=\"\" class=\"wp-image-1461\"\/><\/a><figcaption><a href=\"https:\/\/www.mamyfactory.com\/fr\/kit-tricots\/2194-patron-gilet-josephine-bebe-enfant-fille.html\">le Kit tricot pour enfants: le Gilet Josephine : Collab Mamy Factory X Melle Quincampoix: un gilet a noppes intemporel. Mamy Factory revisite les basiques en s&rsquo;associant aux plus grandes tricoteuses actuelles !<\/a><\/figcaption><\/figure>\n\n\n\n<figure class=\"wp-block-image size-large is-resized\"><a href=\"https:\/\/www.mamyfactory.com\/fr\/nos-modeles-et-livres-tricot\/2177-modele-crochet-masque-renard.html\"><img decoding=\"async\" src=\"https:\/\/www.mamyfactory.com\/blog\/wp-content\/uploads\/2020\/04\/DSC_4771-683x1024.jpg\" alt=\"\" class=\"wp-image-1467\" height=\"1024\"\/><\/a><figcaption>l<a href=\"https:\/\/www.mamyfactory.com\/fr\/nos-modeles-et-livres-tricot\/2177-modele-crochet-masque-renard.html\">e modele tricot du masque Renard !<\/a> Decouvrez ce modele au crochet dans <a href=\"https:\/\/www.mamyfactory.com\/fr\/nos-modeles-et-livres-tricot\/2154-livre-de-tricot-nouveaux-tricot-enfants-9791032305119.html\" target=\"_blank\" rel=\"noreferrer noopener\">notre livre<\/a> ou sur <a href=\"https:\/\/www.mamyfactory.com\/fr\/nos-modeles-et-livres-tricot\/2177-modele-crochet-masque-renard.html?search_query=renard&amp;results=1\" target=\"_blank\" rel=\"noreferrer noopener\">notre site!<\/a> Un incontournable pour les fetes et anniversaires de vos enfants! <\/figcaption><\/figure>\n\n\n\n<figure class=\"wp-block-image size-large\"><a href=\"https:\/\/www.mamyfactory.com\/fr\/nos-modeles-et-livres-tricot\/2168-modele-tricot-beret-anne-enfants.html\"><img decoding=\"async\" src=\"https:\/\/www.mamyfactory.com\/blog\/wp-content\/uploads\/2020\/04\/DSC_5550-683x1024.jpg\" alt=\"\" class=\"wp-image-1468\"\/><\/a><figcaption><a href=\"https:\/\/www.mamyfactory.com\/fr\/nos-modeles-et-livres-tricot\/2168-modele-tricot-beret-anne-enfants.html\">L&rsquo;iconique beret Anne : un incontournable en fair isle!!<\/a> <br>D\u00e9couvrez ce nouveau b\u00e9ret \u00e0 tricoter en circulaire pour cet hiver. \u00a0Il est \u00e0 associer avec<a href=\"https:\/\/www.mamyfactory.com\/fr\/nos-modeles-et-livres-tricot\/2187-modele-tricot-robe-rose.html?search_query=honor&amp;results=1\" target=\"_blank\" rel=\"noreferrer noopener\"> le sac Honorine<\/a> !<\/figcaption><\/figure>\n\n\n\n<figure class=\"wp-block-image size-large\"><a href=\"https:\/\/www.mamyfactory.com\/fr\/nos-modeles-et-livres-tricot\/2191-modele-tricot-veste-claude-chameau.html\"><img decoding=\"async\" src=\"https:\/\/www.mamyfactory.com\/blog\/wp-content\/uploads\/2020\/04\/DSC_4644-683x1024.jpg\" alt=\"\" class=\"wp-image-1482\"\/><\/a><figcaption><a href=\"https:\/\/www.mamyfactory.com\/fr\/nos-modeles-et-livres-tricot\/2191-modele-tricot-veste-claude-chameau.html\" target=\"_blank\" rel=\"noreferrer noopener\">D\u00e9couvrez la veste Claude<\/a>, le gilet vintage, revisite par Mamy Factory, \u00e0 tricoter avec<a href=\"https:\/\/www.mamyfactory.com\/fr\/166-laine-camelito-chameau-merinos\" target=\"_blank\" rel=\"noreferrer noopener\"> nos laines en chameau Camelito <\/a>pour un rendu encore plus doux!<\/figcaption><\/figure>\n\n\n\n<p><\/p>\n","protected":false},"excerpt":{"rendered":"<p>Mamy Factory est une marque parisienne de laines naturelles et de modeles de tricots pour b\u00e9b\u00e9s et enfants. Le Look Mamy Factory Le look Mamy Factory s&rsquo;inspire de la tradition&hellip;<\/p>\n","protected":false},"author":2,"featured_media":0,"parent":0,"menu_order":0,"comment_status":"closed","ping_status":"closed","template":"page-sidebar.php","meta":{"footnotes":""},"_links":{"self":[{"href":"https:\/\/www.mamyfactory.com\/blog\/wp-json\/wp\/v2\/pages\/711"}],"collection":[{"href":"https:\/\/www.mamyfactory.com\/blog\/wp-json\/wp\/v2\/pages"}],"about":[{"href":"https:\/\/www.mamyfactory.com\/blog\/wp-json\/wp\/v2\/types\/page"}],"author":[{"embeddable":true,"href":"https:\/\/www.mamyfactory.com\/blog\/wp-json\/wp\/v2\/users\/2"}],"replies":[{"embeddable":true,"href":"https:\/\/www.mamyfactory.com\/blog\/wp-json\/wp\/v2\/comments?post=711"}],"version-history":[{"count":15,"href":"https:\/\/www.mamyfactory.com\/blog\/wp-json\/wp\/v2\/pages\/711\/revisions"}],"predecessor-version":[{"id":1485,"href":"https:\/\/www.mamyfactory.com\/blog\/wp-json\/wp\/v2\/pages\/711\/revisions\/1485"}],"wp:attachment":[{"href":"https:\/\/www.mamyfactory.com\/blog\/wp-json\/wp\/v2\/media?parent=711"}],"curies":[{"name":"wp","href":"https:\/\/api.w.org\/{rel}","templated":true}]}}